{"version":"1.0","provider_name":"Galicia con ni\u00f1os | GALICIA M\u00c1XICA","provider_url":"https:\/\/www.galiciamaxica.eu\/mini","author_name":"seseixa","author_url":"https:\/\/www.galiciamaxica.eu\/mini\/author\/seseixa\/","title":"SEMANA SANTA EN EL PACC - Galicia con ni\u00f1os | GALICIA M\u00c1XICA","type":"rich","width":600,"height":338,"html":"<blockquote class=\"wp-embedded-content\" data-secret=\"lXKYkRhOtI\"><a href=\"https:\/\/www.galiciamaxica.eu\/mini\/semana-santa-en-el-pacc\/\">SEMANA SANTA EN EL PACC<\/a><\/blockquote><iframe sandbox=\"allow-scripts\" security=\"restricted\" src=\"https:\/\/www.galiciamaxica.eu\/mini\/semana-santa-en-el-pacc\/embed\/#?secret=lXKYkRhOtI\" width=\"600\" height=\"338\" title=\"\u00abSEMANA SANTA EN EL PACC\u00bb \u2014 Galicia con ni\u00f1os | GALICIA M\u00c1XICA\" data-secret=\"lXKYkRhOtI\" frameborder=\"0\" marginwidth=\"0\" marginheight=\"0\" scrolling=\"no\" class=\"wp-embedded-content\"><\/iframe><script>\n\/*! This file is auto-generated *\/\n!function(d,l){\"use strict\";l.querySelector&&d.addEventListener&&\"undefined\"!=typeof URL&&(d.wp=d.wp||{},d.wp.receiveEmbedMessage||(d.wp.receiveEmbedMessage=function(e){var t=e.data;if((t||t.secret||t.message||t.value)&&!\/[^a-zA-Z0-9]\/.test(t.secret)){for(var s,r,n,a=l.querySelectorAll('iframe[data-secret=\"'+t.secret+'\"]'),o=l.querySelectorAll('blockquote[data-secret=\"'+t.secret+'\"]'),c=new RegExp(\"^https?:$\",\"i\"),i=0;i<o.length;i++)o[i].style.display=\"none\";for(i=0;i<a.length;i++)s=a[i],e.source===s.contentWindow&&(s.removeAttribute(\"style\"),\"height\"===t.message?(1e3<(r=parseInt(t.value,10))?r=1e3:~~r<200&&(r=200),s.height=r):\"link\"===t.message&&(r=new URL(s.getAttribute(\"src\")),n=new URL(t.value),c.test(n.protocol))&&n.host===r.host&&l.activeElement===s&&(d.top.location.href=t.value))}},d.addEventListener(\"message\",d.wp.receiveEmbedMessage,!1),l.addEventListener(\"DOMContentLoaded\",function(){for(var e,t,s=l.querySelectorAll(\"iframe.wp-embedded-content\"),r=0;r<s.length;r++)(t=(e=s[r]).getAttribute(\"data-secret\"))||(t=Math.random().toString(36).substring(2,12),e.src+=\"#?secret=\"+t,e.setAttribute(\"data-secret\",t)),e.contentWindow.postMessage({message:\"ready\",secret:t},\"*\")},!1)))}(window,document);\n<\/script>\n","thumbnail_url":"https:\/\/www.galiciamaxica.eu\/mini\/wp-content\/uploads\/2016\/03\/d6cc420d-b530-40f7-9e06-9f870bd38c68.jpg","thumbnail_width":926,"thumbnail_height":655,"description":"La Semana Santa ya est\u00e1 aqu\u00ed y desde El PACC nos hacen llegar una gran apuesta para que no te lo pienses m\u00e1s y disfrutes de nuestra historia acompa\u00f1ado de grandes profesionales que os acercaran a ella de manera amena. Y si a\u00fan no est\u00e1is convencidos, ah\u00ed va el mensaje y dice as\u00ed: \u00a1y qu\u00e9 [&hellip;]"}

Galicia con niños | GALICIA MÁXICA

SEMANA SANTA EN EL PACC - Galicia con niños | GALICIA MÁXICA

<blockquote class="wp-embedded-content" data-secret="lXKYkRhOtI"><a href="https://www.galiciamaxica.eu/mini/semana-santa-en-el-pacc/">SEMANA SANTA EN EL PACC</a></blockquote><iframe sandbox="allow-scripts" security="restricted" src="https://www.galiciamaxica.eu/mini/semana-santa-en-el-pacc/embed/#?secret=lXKYkRhOtI" width="600" height="338" title="«SEMANA SANTA EN EL PACC» — Galicia con niños | GALICIA MÁXICA" data-secret="lXKYkRhOtI" frameborder="0" marginwidth="0" marginheight="0" scrolling="no" class="wp-embedded-content"></iframe><script>
/*! This file is auto-generated */
!function(d,l){"use strict";l.querySelector&&d.addEventListener&&"undefined"!=typeof URL&&(d.wp=d.wp||{},d.wp.receiveEmbedMessage||(d.wp.receiveEmbedMessage=function(e){var t=e.data;if((t||t.secret||t.message||t.value)&&!/[^a-zA-Z0-9]/.test(t.secret)){for(var s,r,n,a=l.querySelectorAll('iframe[data-secret="'+t.secret+'"]'),o=l.querySelectorAll('blockquote[data-secret="'+t.secret+'"]'),c=new RegExp("^https?:$","i"),i=0;i<o.length;i++)o[i].style.display="none";for(i=0;i<a.length;i++)s=a[i],e.source===s.contentWindow&&(s.removeAttribute("style"),"height"===t.message?(1e3<(r=parseInt(t.value,10))?r=1e3:~~r<200&&(r=200),s.height=r):"link"===t.message&&(r=new URL(s.getAttribute("src")),n=new URL(t.value),c.test(n.protocol))&&n.host===r.host&&l.activeElement===s&&(d.top.location.href=t.value))}},d.addEventListener("message",d.wp.receiveEmbedMessage,!1),l.addEventListener("DOMContentLoaded",function(){for(var e,t,s=l.querySelectorAll("iframe.wp-embedded-content"),r=0;r<s.length;r++)(t=(e=s[r]).getAttribute("data-secret"))||(t=Math.random().toString(36).substring(2,12),e.src+="#?secret="+t,e.setAttribute("data-secret",t)),e.contentWindow.postMessage({message:"ready",secret:t},"*")},!1)))}(window,document);
</script>

La Semana Santa ya está aquí y desde El PACC nos hacen llegar una gran apuesta para que no te lo pienses más y disfrutes de nuestra historia acompañado de grandes profesionales que os acercaran a ella de manera amena. Y si aún no estáis convencidos, ahí va el mensaje y dice así: ¡y qué [&hellip;]
